{"id":2264,"date":"2024-07-11T19:31:39","date_gmt":"2024-07-11T19:31:39","guid":{"rendered":"https:\/\/edinramirez.com\/?page_id=2264"},"modified":"2024-07-12T06:00:23","modified_gmt":"2024-07-12T06:00:23","slug":"prediokevy","status":"publish","type":"page","link":"https:\/\/edinramirez.com\/index.php\/prediokevy\/","title":{"rendered":"Predio"},"content":{"rendered":"<div class=\"wpb-content-wrapper\"><p>[vc_row full_width=\u00bbstretch_row_content_no_spaces\u00bb][vc_column][rev_slider_vc alias=\u00bbhome-2&#8243;][\/vc_column][\/vc_row][vc_row css_animation=\u00bbbounceInLeft\u00bb][vc_column][vc_empty_space height=\u00bb40px\u00bb][vc_row_inner equal_height=\u00bbyes\u00bb content_placement=\u00bbtop\u00bb][vc_column_inner width=\u00bb1\/2&#8243; css=\u00bb.vc_custom_1720763981969{padding-top: 300px !important;padding-bottom: 213px !important;background-image: url(https:\/\/edinramirez.com\/wp-content\/uploads\/2024\/06\/PREDIO-7.jpg?id=2189) !important;background-position: center !important;background-repeat: no-repeat !important;background-size: cover !important;}\u00bb offset=\u00bbvc_col-md-4&#8243;][\/vc_column_inner][vc_column_inner width=\u00bb1\/2&#8243; css=\u00bb.vc_custom_1555388621593{padding-top: 0px !important;background-color: #ffffff !important;}\u00bb offset=\u00bbvc_col-md-8&#8243;][vc_column_text css=\u00bb.vc_custom_1719495471646{margin-bottom: 0px !important;background-color: #ffffff !important;}\u00bb el_class=\u00bbpadding-box-3&#8243;]<\/p>\n<div class=\"section-head \">\n<h6>Edin Ramirez<\/h6>\n<h2 class=\"section-title\">Predio Transportes Kevy<\/h2>\n<\/div>\n<div class=\"gaps\"><\/div>\n<p style=\"text-align: justify;\">El predio de Transportes Kevy es un complejo integral dise\u00f1ado para garantizar la eficiencia y el \u00f3ptimo rendimiento de nuestras unidades. Contamos con un taller de mec\u00e1nica completamente equipado, donde nuestro equipo de expertos se encarga de realizar revisiones exhaustivas para asegurar que cada veh\u00edculo est\u00e9 en perfecto estado de funcionamiento. Adem\u00e1s, disponemos de una estaci\u00f3n de servicio exclusiva para nuestro consumo, lo que nos permite mantener un control total sobre el abastecimiento de combustible y otros recursos necesarios para nuestras operaciones.<\/p>\n<p>Situado estrat\u00e9gicamente en un punto clave, nuestro predio facilita el acceso r\u00e1pido y conveniente para que nuestras unidades pasen por revisi\u00f3n, minimizando los tiempos de inactividad y asegurando una gesti\u00f3n eficiente de la flota. En Transportes Kevy, nuestro compromiso es ofrecer un servicio de transporte confiable y seguro, y nuestro predio es una pieza fundamental en la consecuci\u00f3n de este objetivo al garantizar que nuestras unidades est\u00e9n siempre en las mejores condiciones para operar.[\/vc_column_text][vc_gallery interval=\u00bb3&#8243; images=\u00bb2226,2222,2223,2224,2225,2221,2227&#8243; img_size=\u00bbfull\u00bb css=\u00bb\u00bb][\/vc_column_inner][\/vc_row_inner][\/vc_column][\/vc_row]<\/p>\n<\/div>","protected":false},"excerpt":{"rendered":"<p>[vc_row full_width=\u00bbstretch_row_content_no_spaces\u00bb][vc_column][rev_slider_vc alias=\u00bbhome-2&#8243;][\/vc_column][\/vc_row][vc_row css_animation=\u00bbbounceInLeft\u00bb][vc_column][vc_empty_space height=\u00bb40px\u00bb][vc_row_inner equal_height=\u00bbyes\u00bb content_placement=\u00bbtop\u00bb][vc_column_inner width=\u00bb1\/2&#8243; css=\u00bb.vc_custom_1720763981969{padding-top: 300px !important;padding-bottom: 213px !important;background-image: url(https:\/\/edinramirez.com\/wp-content\/uploads\/2024\/06\/PREDIO-7.jpg?id=2189) !important;background-position: center !important;background-repeat: no-repeat !important;background-size: cover !important;}\u00bb offset=\u00bbvc_col-md-4&#8243;][\/vc_column_inner][vc_column_inner width=\u00bb1\/2&#8243; css=\u00bb.vc_custom_1555388621593{padding-top: 0px !important;background-color: #ffffff !important;}\u00bb offset=\u00bbvc_col-md-8&#8243;][vc_column_text css=\u00bb.vc_custom_1719495471646{margin-bottom: 0px !important;background-color: #ffffff !important;}\u00bb el_class=\u00bbpadding-box-3&#8243;] Edin Ramirez Predio Transportes Kevy El predio de Transportes Kevy es un complejo integral dise\u00f1ado para garantizar la eficiencia y [&hellip;]<\/p>\n","protected":false},"author":1,"featured_media":0,"parent":0,"menu_order":0,"comment_status":"closed","ping_status":"closed","template":"","meta":{"footnotes":""},"class_list":["post-2264","page","type-page","status-publish","hentry"],"_links":{"self":[{"href":"https:\/\/edinramirez.com\/index.php\/wp-json\/wp\/v2\/pages\/2264","targetHints":{"allow":["GET"]}}],"collection":[{"href":"https:\/\/edinramirez.com\/index.php\/wp-json\/wp\/v2\/pages"}],"about":[{"href":"https:\/\/edinramirez.com\/index.php\/wp-json\/wp\/v2\/types\/page"}],"author":[{"embeddable":true,"href":"https:\/\/edinramirez.com\/index.php\/wp-json\/wp\/v2\/users\/1"}],"replies":[{"embeddable":true,"href":"https:\/\/edinramirez.com\/index.php\/wp-json\/wp\/v2\/comments?post=2264"}],"version-history":[{"count":3,"href":"https:\/\/edinramirez.com\/index.php\/wp-json\/wp\/v2\/pages\/2264\/revisions"}],"predecessor-version":[{"id":2280,"href":"https:\/\/edinramirez.com\/index.php\/wp-json\/wp\/v2\/pages\/2264\/revisions\/2280"}],"wp:attachment":[{"href":"https:\/\/edinramirez.com\/index.php\/wp-json\/wp\/v2\/media?parent=2264"}],"curies":[{"name":"wp","href":"https:\/\/api.w.org\/{rel}","templated":true}]}}